True
Is 84 a factor of 6334?
False
Is 2 a factor of 98?
True
Does 87 divide 14009?
False
Is 4 a factor of 1073?
False
Does 37 divide 3508?
False
Is 24 a factor of 15240?
True
Is 8624 a multiple of 154?
True
Is 16 a factor of 9856?
True
Is 1015 a multiple of 35?
True
Is 31 a factor of 472?
False
Does 25 divide 1795?
False
Is 130 a factor of 73450?
True
Is 13328 a multiple of 119?
True
Is 5508 a multiple of 18?
True
Is 2832 a multiple of 6?
True
Is 19 a factor of 5396?
True
Is 1180 a multiple of 17?
False
Is 50 a multiple of 4?
False
Does 84 divide 12839?
False
Is 13 a multiple of 2?
False
Is 160 a factor of 2527?
False
Does 11 divide 418?
True
Does 31 divide 4361?
False
Is 6 a factor of 51?
False
Does 17 divide 1802?
True
Does 6 divide 6450?
True
Is 12 a factor of 2324?
False
Does 58 divide 2784?
True
Is 46764 a multiple of 108?
True
Is 1064 a multiple of 76?
True
Does 25 divide 30900?
True
Is 13080 a multiple of 30?
True
Is 35 a factor of 1230?
False
Does 16 divide 68992?
True
Does 29 divide 3045?
True
Is 56 a factor of 10673?
False
Does 36 divide 828?
True
Is 26443 a multiple of 67?
False
Is 1619 a multiple of 45?
False
Does 6 divide 5695?
False
Is 3150 a multiple of 75?
True
Does 168 divide 30576?
True
Is 9 a factor of 200?
False
Does 11 divide 10109?
True
Does 63 divide 119?
False
Is 17949 a multiple of 74?
False
Does 57 divide 1197?
True
Does 18 divide 12080?
False
Does 142 divide 3237?
False
Is 46 a factor of 2528?
False
Is 189 a multiple of 9?
True
Does 24 divide 552?
True
Is 18 a factor of 373?
False
Is 5 a factor of 440?
True
Is 1139 a multiple of 67?
True
Is 3 a factor of 12021?
True
Is 3 a factor of 1828?
False
Does 11 divide 781?
True
Is 6 a factor of 12?
True
Is 28 a factor of 1215?
False
Is 4320 a multiple of 60?
True
Does 97 divide 38411?
False
Does 4 divide 12501?
False
Is 251 a multiple of 2?
False
Is 1034 a multiple of 22?
True
Is 11 a factor of 6102?
False
Is 181 a factor of 43831?
False
Is 7 a factor of 153?
False
Is 24 a factor of 75477?
False
Does 24 divide 30325?
False
Is 875 a multiple of 25?
True
Is 1194 a multiple of 179?
False
Is 116 a factor of 14593?
False
Is 507 a multiple of 79?
False
Is 16907 a multiple of 29?
True
Is 219 a multiple of 73?
True
Is 78 a factor of 3276?
True
Does 5 divide 472?
False
Is 9453 a multiple of 114?
False
Is 24920 a multiple of 25?
False
Does 3 divide 3505?
False
Does 20 divide 2400?
True
Does 6 divide 158?
False
Is 19066 a multiple of 2?
True
Does 11 divide 8141?
False
Is 538 a multiple of 3?
False
Is 1564 a multiple of 92?
True
Does 45 divide 10898?
False
Does 23 divide 1102?
False
Is 36 a factor of 468?
True
Does 34 divide 1326?
True
Does 58 divide 8352?
True
Is 102 a multiple of 3?
True
Does 34 divide 3434?
True
Is 3 a factor of 7194?
True
Does 32 divide 3093?
False
Does 107 divide 7526?
False
Is 1615 a multiple of 19?
True
Is 14 a factor of 3326?
False
Is 143 a factor of 4492?
False
Is 2595 a multiple of 5?
True
Is 26 a factor of 1950?
True
Is 5950 a multiple of 17?
True
Is 12 a factor of 5041?
False
Is 31 a factor of 649?
False
Is 45616 a multiple of 17?
False
Is 313 a factor of 67244?
False
Is 23 a factor of 8993?
True
Is 30 a factor of 32970?
True
Is 579 a multiple of 27?
False
Does 20 divide 100?
True
Is 2281 a multiple of 91?
False
Is 41 a factor of 23821?
True
Is 105 a multiple of 8?
False
Does 11 divide 11429?
True
Does 11 divide 35398?
True
Is 4704 a multiple of 112?
True
Is 95009 a multiple of 295?
False
Is 1152 a multiple of 8?
True
Is 29 a factor of 84521?
False
Is 2721 a multiple of 6?
False
Does 337 divide 48528?
True
Is 5 a factor of 200?
True
Is 30 a factor of 570?
True
Is 689 a multiple of 84?
False
Is 29 a factor of 44057?
False
Is 2031 a multiple of 10?
False
Is 2744 a multiple of 56?
True
Does 20 divide 100516?
False
Does 5 divide 62?
False
Is 17 a factor of 1394?
True
Is 8 a factor of 366?
False
Does 15 divide 112050?
True
Is 44 a factor of 173?
False
Is 28520 a multiple of 124?
True
Is 5895 even?
False
Is 335 a multiple of 20?
False
Is 17 a factor of 13838?
True
Is 9309 a multiple of 87?
True
Is 286 a multiple of 6?
False
Does 66 divide 48840?
True
Is 1793 a multiple of 6?
False
Does 92 divide 2484?
True
Is 24 a factor of 31800?
True
Is 18590 a multiple of 22?
True
Is 15743 a multiple of 7?
True
Is 962 a multiple of 13?
True
Is 55 a factor of 31334?
False
Is 490 a multiple of 35?
True
Is 1875 a multiple of 22?
False
Does 10 divide 39120?
True
Is 54786 a multiple of 6?
True
Is 953 a multiple of 16?
False
Is 18 a factor of 8340?
False
Is 7356 a multiple of 12?
True
Is 115 a factor of 33234?
False
Is 65 a factor of 10335?
True
Is 25 a factor of 1357?
False
Does 15 divide 142?
False
Does 34 divide 4454?
True
Is 9 a factor of 236?
False
Does 5 divide 7187?
False
Does 15 divide 1559?
False
Does 52 divide 26058?
False
Does 18 divide 1890?
True
Does 7 divide 565?
False
Is 34 a factor of 239?
False
Is 16905 a multiple of 21?
True
Does 186 divide 10230?
True
Is 714 a multiple of 21?
True
Does 210 divide 23310?
True
Is 1173 a multiple of 23?
True
Is 4639 a multiple of 65?
False
Does 9 divide 432?
True
Is 5 a factor of 2480?
True
Is 4 a factor of 1501?
False
Does 15 divide 90?
True
Does 6 divide 1062?
True
Does 25 divide 1525?
True
Is 47159 a multiple of 10?
False
Does 29 divide 5784?
False
Does 63 divide 8006?
False
Is 125 a multiple of 9?
False
Is 8 a factor of 4544?
True
Does 29 divide 348?
True
Does 31 divide 1240?
True
Is 82 a factor of 2456?
False
Is 1057 a multiple of 76?
False
Does 5 divide 1730?
True
Does 15 divide 50085?
True
Is 24990 a multiple of 105?
True
Does 39 divide 18324?
False
Is 4 a factor of 8556?
True
Is 27 a factor of 297?
True
Does 28 divide 168?
True
Does 28 divide 812?
True
Does 28 divide 6886?
False
Does 11 divide 29260?
True
Is 17661 a multiple of 33?
False
Is 43 a factor of 1004?
False
Is 22 a factor of 14938?
True
Does 12 divide 1270?
False
Does 12 divide 36?
True
Is 88401 a multiple of 5?
False
Is 9861 a multiple of 14?
False
Does 83 divide 6202?
False
Is 7 a factor of 3556?
True
Does 16 divide 1156?
False
Is 27 a factor of 1890?
True
Does 8 divide 642?
False
Is 4050 a multiple of 162?
True
Does 18 divide 999?
False
Is 3059 a multiple of 28?
False
Is 15 a factor of 11456?
False
Does 14 divide 14298?
False
Does 15 divide 1020?
True
Does 13 divide 51922?
True
Is 326 a multiple of 4?
False
Is 15 a factor of 600?
True
Does 25 divide 1500?
True
Is 2 a factor of 5690?
True
Is 117 a multiple of 31?
False
Does 4 divide 812?
True
Is 4 a factor of 28?
True
Is 4142 a multiple of 109?
True
Is 12 a factor of 447?
False
Does 362 divide 25952?
False
Is 4 a multiple of 3?
False
Does 17 divide 878?
False
Does 10 divide 408?
False
Does 14 divide 832?
False
Is 650 a multiple of 5?
True
Does 9 divide 808?
False
Is 54 a factor of 9180?
True
Does 28 divide 280?
True
Is 6 a factor of 18798?
True
Is 62 a factor of 82071?
False
Does 24 divide 2880?
True
Is 192 a multiple of 16?
True
Does 31 divide 243?
False
Is 224 a multiple of 3?
False
Is 18 a factor of 949?
False
Does 24 divide 267?
False
Is 32 a factor of 14825?
False
Is 23 a factor of 1927?
False
Is 111 a factor of 2997?
True
Is 2046 a multiple of 12?
False
Does 40 divide 39360?
True
Does 3 divide 5742?
True
Is 952 a multiple of 78?
False
Is 2826 a multiple of 18?
True
Does 3 divide 32?
False
Is 25536 a multiple of 32?
True
Is 77 a factor of 462?
True
Is 672 a multiple of 14?
True
Is 155 a multiple of 5?
True
Is 784 a multiple of 28?
True
Does 142 divide 1525?
False
Does 3 divide 39?
True
Does 3 divide 8644?
False
Is 84 a multiple of 28?
True
Is 576 a multiple of 72?
True
Is 57396 a multiple of 12?
True
Is 2342 a multiple of 66?
False
Does 44 divide 1686?
False
Is 145 a factor of 22040?
True
Is 29974 a multiple of 16?
False
Does 14 divide 2030?
True
Is 369 a multiple of 19?
False
Is 25 a factor of 1109?
False
Does 15 divide 1433?
False
Is 322 a multiple of 9?
False
Does 27 divide 918?
True
Is 9156 a multiple of 11?
False
Does 41 divide 80811?
True
Is 298 a factor of 96537?
False
Is 19 a factor of 34428?
True
Is 2958 a multiple of 6?
True
Does 26 divide 1688?
False
Is 11096 a multiple of 76?
True
Is 2231 a multiple of 37?
False
Is 3003 a multiple of 33?
True
Is 47583 a multiple of 36?
False
Does 10 divide 6630